
Suppose -2*m - h = -915, 0 = -5*m - 5*h + 1287 + 1013. Calculate the highest common divisor of m and 2457.
91
Let l(g) = g + 22. Let d be l(0). Suppose 14 = -4*k + 18, 2*z + k = 1. Suppose z = 37*a - 68*a + 1023. Calculate the greatest common factor of a and d.
11
Let s(a) = -a**3 + 7*a**2 - 9*a - 4. Let r be s(4). Suppose -c + 9 = r. Let i be (-2)/(-3*c/150). What is the highest common divisor of i and 20?
20
Suppose 18*u = 3733 + 7823. Calculate the greatest common divisor of 14552 and u.
214
Suppose 5*h + 3*a = -8, 5*h = 164*a - 159*a + 80. Let l be (-5)/(5/(-2)) + 3. Calculate the greatest common factor of l and h.
5
Let h = -78 + 145. Suppose -63*q + h*q - 32 = 0. Calculate the greatest common factor of 32 and q.
8
Let n(y) = 22*y**3 + 2*y**2 - 5*y + 1. Let j = -548 - -551. Let k be n(j). What is the highest common divisor of k and 26?
26
Suppose 0 = -14*a - 3*c + 2715, -3*c - 65 = -3*a + 535. What is the greatest common factor of 30 and a?
15
Let b be (1/1*(0 - 0))/(-5). Suppose 2*g - 11*g + 279 = b. What is the greatest common divisor of 341 and g?
31
Suppose -412*r + 15 = -407*r. Suppose -2*l + 172 + 487 = 3*s, r*s - 334 = -l. Calculate the highest common divisor of 13 and l.
13
Let i(a) = 298*a**2 + 791*a + 3926. Let p be i(-5). What is the highest common divisor of 205 and p?
41
Suppose 34*g - 31*g - 66 = -2*q, 5*q = 2*g + 146. Calculate the highest common divisor of 350 and q.
10
Let n be (-1166430)/(-120) - (6 - 138/24). What is the greatest common factor of n and 30?
30
Let x(z) = -z**2 - 17*z + 51. Let n be x(-15). Calculate the highest common factor of n and 5913.
81
Suppose -83*a - 58864 = -366*a. Calculate the greatest common divisor of a and 1296.
16
Suppose 4*n = -5*l + 11134, 0 = -2*l - 4*n + 4828 - 384. What is the highest common factor of 10 and l?
10
Suppose 0 = 18*n - 7*n. Let f(o) be the second derivative of o**5/10 - o**4/12 + 16*o**2 + 2*o. Let u be f(n). Calculate the highest common divisor of 48 and u.
16
Let s = -112 + 266. Suppose 255*k = 1245*k - 13860. Calculate the greatest common divisor of k and s.
14
Let i(n) = n**3 - n**2 - 27*n + 67. Let w be i(5). Calculate the greatest common divisor of 14048 and w.
32
Suppose 24*j - 17111 = 17161. Calculate the highest common divisor of j and 1887.
51
Let w be 16 + -16 - (-143 + 0). Let o(p) = 3*p - 11. Suppose -5 - 3 = -g. Let l be o(g). Calculate the highest common divisor of l and w.
13
Suppose 264*c + 130*c + 16*c - 49200 = 0. What is the highest common factor of 1110 and c?
30
Let v be (-54)/(-15)*((-19140)/9)/(-29). Calculate the greatest common divisor of 3036 and v.
132
Let p be 4*(-1)/(-2)*(-253)/22. Let s(b) = -b**3 - 21*b**2 + 46*b + 2. Let m be s(p). Let j = 7 - 5. Calculate the highest common factor of m and j.
2
Let f = 530 - 62. Suppose -3*a + 558 + 144 = -4*p, f = 2*a + p. Calculate the highest common divisor of 54 and a.
18
Let q = 186 + -180. Suppose 0 = -q*t + 18 + 12. Let c = -39 + 64. What is the greatest common divisor of c and t?
5
Let d = 1190 - 254. Suppose -3*t + 478 = -2*f, -4*f = -t - 0*t + d. Let z = f - -329. Calculate the greatest common factor of 12 and z.
12
Let f(x) = x**3 - 37*x**2 + 374*x - 10. Let v be f(19). What is the highest common divisor of v and 143?
13
Suppose 2*c = m + 95, -3*c + 4*m - 28 = -168. Suppose -246 = -5*j - 86. Calculate the greatest common factor of c and j.
16
Let k be 1235/60*10 + 3/18. What is the greatest common factor of 4326 and k?
206
Let s(a) = 209*a**2 + 0*a + a - 43*a**2 + 4*a**2. Let y be s(1). Let r = -165 + 184. Calculate the greatest common factor of y and r.
19
Let g be 15/(-12) - -3 - (-6)/24. Suppose -3*o + g*p + 2*p = -78, 0 = 4*o + 4*p - 132. Calculate the greatest common divisor of 70 and o.
10
Let x = -29607 - -39389. What is the highest common divisor of x and 146?
146
Let n = 1449 + -1446. What is the highest common factor of 951 and n?
3
Suppose -3773 + 3785 = 6*f. Let x(o) be the third derivative of 17*o**5/60 - o**4/24 - o**2. Let z be x(1). What is the greatest common factor of z and f?
2
Let f be 440/660 - (-4)/(-12)*-730. What is the greatest common divisor of f and 14?
2
Let j(x) = 4*x**2 + 22*x + 20. Suppose 0 = -q - 5*f - 45, -f + 103 = -5*q - 148. Let h = 42 + q. Let v be j(h). What is the greatest common divisor of v and 40?
20
Suppose 190*l + 232438 = 213*l. What is the greatest common factor of 489 and l?
163
Suppose 0 = -2*u - 0 + 46. Let x(t) = t**3 - 84*t**2 + 22*t - 1227. Let z be x(84). What is the greatest common divisor of z and u?
23
Let f(n) = 2*n**3 + 70*n**2 - 9*n + 23. Let y be f(-35). Calculate the greatest common factor of 182 and y.
26
Suppose -54*l = -812826 + 42948. Calculate the greatest common divisor of 1076 and l.
269
Suppose 11*k = -79*k - 120*k + 51660. What is the highest common divisor of k and 11234?
82
Suppose -13*d - 392 = -1406. Suppose 25*s - 390 = 19*s. What is the greatest common divisor of s and d?
13
Let z be (8/14)/(1 + 13/((-23751)/1809)). Calculate the highest common factor of 12586 and z.
58
Let t be 220/(-14)*(3 + -31). Suppose n + b = 107, -527 = -5*n + 4*b - b. Suppose 0 = 3*k - n - 14. Calculate the highest common divisor of t and k.
40
Let k(h) = 30*h - 13. Let y be k(7). Let z = 47 + y. Let v be (-4)/(-6) + z/12. Calculate the highest common factor of v and 14.
7
Let i be (8 - (-50)/(-5))/(((-16)/(-2132))/(-2)). What is the greatest common divisor of i and 861?
41
Let j = 106 + -58. Let a = -642 - -850. Calculate the highest common divisor of a and j.
16
Let l(y) = -12*y + 2. Let t be l(-2). Suppose 98 - t = 4*n. Let q = n - -22. Calculate the greatest common factor of q and 5.
5
Suppose 2*j - m + 2*m = 38, 4*j + 3*m - 76 = 0. Suppose -j*y - 475 = -1425. Calculate the greatest common factor of y and 450.
50
Let c = -2876 + 3304. Calculate the greatest common factor of c and 16.
4
Suppose -t + 3*t - 116 = 0. Suppose -3*q = -0*z + 2*z - 48, -4*z + 2*q + 96 = 0. Suppose -z*j + 21*j = -435. What is the highest common divisor of j and t?
29
Let i be (-6669)/(-45) + ((-510)/50 - -10). Calculate the greatest common factor of 4255 and i.
37
Let v = -819 + 1029. Let h = -61 + 103. Calculate the greatest common divisor of v and h.
42
Suppose -305*n = -316*n + 726. What is the highest common factor of 822 and n?
6
Suppose -6*b = -2*b. Suppose c - 275 = -272. Suppose 4*p + 0*p + 3*g = 47, b = c*p - 5*g + 1. Calculate the greatest common factor of 16 and p.
8
Suppose 0 = 107*h - 103*h - 100. Let p be 1/(-1)*(6 - (4 - -3)). What is the greatest common divisor of p and h?
1
Let r be (-366)/(-4) - (-72)/84*14/(-8). Calculate the highest common divisor of 2565 and r.
45
Let h = -3199 + 3231. Let f = 1549 - 1037. What is the highest common divisor of h and f?
32
Let q be 3/(2 + 2/(-1588)*1594). Let u = -199 - q. Suppose -1 = 3*a - 55. Calculate the greatest common divisor of a and u.
18
Suppose -4*o = -i, 225*i - 4*o - 32 = 222*i. Calculate the greatest common factor of i and 6064.
16
Let m(z) = z + 24. Let x(o) = -3*o - 571*o**2 + 570*o**2 + 12 + 0 + 4. Let l be x(-5). Let q be m(l). What is the highest common divisor of q and 18?
6
Let z = 23611 + -19549. Calculate the greatest common factor of 18 and z.
6
Let w(g) = 31*g**3 - g. Let d be w(1). Let z be 255/34*((-1002)/(-135) - 4/18). What is the greatest common factor of d and z?
6
Let i = 190 + 5730. What is the greatest common factor of i and 20?
20
Suppose -2*k - 2*r + 52 = 0, 0 = -2*k + r + 45 + 25. Calculate the greatest common factor of k and 4.
4
Suppose -22 = v + 4*s - 42, 5*v + 2*s = 100. What is the highest common factor of v and 235?
5
Let s = -3375 - -3378. What is the greatest common factor of 57 and s?
3
Let t(s) = 42*s + 5940. Let n be t(-140). Suppose 0*p - 3*p + 135 = 0. Calculate the greatest common divisor of p and n.
15
Let o be 4/6*3/1. Suppose o*j = -0*j + 200. Let b(p) = -4*p**3 - 24*p**2 - 10*p - 50. Let a be b(-6). Calculate the greatest common factor of a and j.
10
Suppose 3*y - 4*z + z = 108, 2*y - 69 = -z. Suppose 39*x - 888 = y*x. What is the highest common divisor of x and 12?
6
Let b(y) = -15*y**2 - 189*y - 2. Let m be b(-12). Calculate the greatest common divisor of 42400 and m.
106
Let r(t) = 85*t - 365. Let u be r(9). Calculate the highest common factor of u 